{"id":771,"date":"2025-10-09T10:46:35","date_gmt":"2025-10-09T08:46:35","guid":{"rendered":"https:\/\/www.lgddobregminy.pl\/?page_id=771"},"modified":"2025-10-09T10:46:36","modified_gmt":"2025-10-09T08:46:36","slug":"przestrzenie-sprzyjajace-wlaczeniu-spolecznemu","status":"publish","type":"page","link":"https:\/\/www.lgddobregminy.pl\/index.php\/przestrzenie-sprzyjajace-wlaczeniu-spolecznemu\/","title":{"rendered":"Przestrzenie sprzyjaj\u0105ce w\u0142\u0105czeniu spo\u0142ecznemu"},"content":{"rendered":"\n<p>Utworzenie lub wyposa\u017cenie przestrzeni sprzyjaj\u0105cych w\u0142\u0105czeniu spo\u0142ecznemu.<\/p>\n\n\n\n<p>Nie og\u0142oszono jeszcze nabor\u00f3w<\/p>\n","protected":false},"excerpt":{"rendered":"<p>Utworzenie lub wyposa\u017cenie przestrzeni sprzyjaj\u0105cych w\u0142\u0105czeniu spo\u0142ecznemu. Nie og\u0142oszono jeszcze nabor\u00f3w<\/p>\n<p> <a class=\"continue-reading-link\" href=\"https:\/\/www.lgddobregminy.pl\/index.php\/przestrzenie-sprzyjajace-wlaczeniu-spolecznemu\/\"><span>Czytaj dalej<\/span><i class=\"crycon-right-dir\"><\/i><\/a> <\/p>\n","protected":false},"author":1,"featured_media":0,"parent":0,"menu_order":0,"comment_status":"closed","ping_status":"closed","template":"","meta":{"footnotes":""},"class_list":["post-771","page","type-page","status-publish","hentry"],"yoast_head":"<!-- This site is optimized with the Yoast SEO plugin v27.2 - https:\/\/yoast.com\/product\/yoast-seo-wordpress\/ -->\n<title>Przestrzenie sprzyjaj\u0105ce w\u0142\u0105czeniu spo\u0142ecznemu - LGD Dobre Gminy<\/title>\n<meta name=\"robots\" content=\"index, follow, max-snippet:-1, max-image-preview:large, max-video-preview:-1\" \/>\n<link rel=\"canonical\" href=\"http:\/\/www.lgddobregminy.pl\/index.php\/przestrzenie-sprzyjajace-wlaczeniu-spolecznemu\/\" \/>\n<meta property=\"og:locale\" content=\"pl_PL\" \/>\n<meta property=\"og:type\" content=\"article\" \/>\n<meta property=\"og:title\" content=\"Przestrzenie sprzyjaj\u0105ce w\u0142\u0105czeniu spo\u0142ecznemu - LGD Dobre Gminy\" \/>\n<meta property=\"og:description\" content=\"Utworzenie lub wyposa\u017cenie przestrzeni sprzyjaj\u0105cych w\u0142\u0105czeniu spo\u0142ecznemu. Nie og\u0142oszono jeszcze nabor\u00f3w Czytaj dalej\" \/>\n<meta property=\"og:url\" content=\"http:\/\/www.lgddobregminy.pl\/index.php\/przestrzenie-sprzyjajace-wlaczeniu-spolecznemu\/\" \/>\n<meta property=\"og:site_name\" content=\"LGD Dobre Gminy\" \/>\n<meta property=\"article:modified_time\" content=\"2025-10-09T08:46:36+00:00\" \/>\n<meta name=\"twitter:card\" content=\"summary_large_image\" \/>\n<meta name=\"twitter:label1\" content=\"Szacowany czas czytania\" \/>\n\t<meta name=\"twitter:data1\" content=\"1 minuta\" \/>\n<script type=\"application\/ld+json\" class=\"yoast-schema-graph\">{\"@context\":\"https:\/\/schema.org\",\"@graph\":[{\"@type\":\"WebPage\",\"@id\":\"http:\/\/www.lgddobregminy.pl\/index.php\/przestrzenie-sprzyjajace-wlaczeniu-spolecznemu\/\",\"url\":\"http:\/\/www.lgddobregminy.pl\/index.php\/przestrzenie-sprzyjajace-wlaczeniu-spolecznemu\/\",\"name\":\"Przestrzenie sprzyjaj\u0105ce w\u0142\u0105czeniu spo\u0142ecznemu - LGD Dobre Gminy\",\"isPartOf\":{\"@id\":\"https:\/\/www.lgddobregminy.pl\/#website\"},\"datePublished\":\"2025-10-09T08:46:35+00:00\",\"dateModified\":\"2025-10-09T08:46:36+00:00\",\"breadcrumb\":{\"@id\":\"http:\/\/www.lgddobregminy.pl\/index.php\/przestrzenie-sprzyjajace-wlaczeniu-spolecznemu\/#breadcrumb\"},\"inLanguage\":\"pl-PL\",\"potentialAction\":[{\"@type\":\"ReadAction\",\"target\":[\"http:\/\/www.lgddobregminy.pl\/index.php\/przestrzenie-sprzyjajace-wlaczeniu-spolecznemu\/\"]}]},{\"@type\":\"BreadcrumbList\",\"@id\":\"http:\/\/www.lgddobregminy.pl\/index.php\/przestrzenie-sprzyjajace-wlaczeniu-spolecznemu\/#breadcrumb\",\"itemListElement\":[{\"@type\":\"ListItem\",\"position\":1,\"name\":\"Strona g\u0142\u00f3wna\",\"item\":\"https:\/\/www.lgddobregminy.pl\/\"},{\"@type\":\"ListItem\",\"position\":2,\"name\":\"Przestrzenie sprzyjaj\u0105ce w\u0142\u0105czeniu spo\u0142ecznemu\"}]},{\"@type\":\"WebSite\",\"@id\":\"https:\/\/www.lgddobregminy.pl\/#website\",\"url\":\"https:\/\/www.lgddobregminy.pl\/\",\"name\":\"LGD Dobre Gminy\",\"description\":\"\",\"potentialAction\":[{\"@type\":\"SearchAction\",\"target\":{\"@type\":\"EntryPoint\",\"urlTemplate\":\"https:\/\/www.lgddobregminy.pl\/?s={search_term_string}\"},\"query-input\":{\"@type\":\"PropertyValueSpecification\",\"valueRequired\":true,\"valueName\":\"search_term_string\"}}],\"inLanguage\":\"pl-PL\"}]}<\/script>\n<!-- \/ Yoast SEO plugin. -->","yoast_head_json":{"title":"Przestrzenie sprzyjaj\u0105ce w\u0142\u0105czeniu spo\u0142ecznemu - LGD Dobre Gminy","robots":{"index":"index","follow":"follow","max-snippet":"max-snippet:-1","max-image-preview":"max-image-preview:large","max-video-preview":"max-video-preview:-1"},"canonical":"http:\/\/www.lgddobregminy.pl\/index.php\/przestrzenie-sprzyjajace-wlaczeniu-spolecznemu\/","og_locale":"pl_PL","og_type":"article","og_title":"Przestrzenie sprzyjaj\u0105ce w\u0142\u0105czeniu spo\u0142ecznemu - LGD Dobre Gminy","og_description":"Utworzenie lub wyposa\u017cenie przestrzeni sprzyjaj\u0105cych w\u0142\u0105czeniu spo\u0142ecznemu. Nie og\u0142oszono jeszcze nabor\u00f3w Czytaj dalej","og_url":"http:\/\/www.lgddobregminy.pl\/index.php\/przestrzenie-sprzyjajace-wlaczeniu-spolecznemu\/","og_site_name":"LGD Dobre Gminy","article_modified_time":"2025-10-09T08:46:36+00:00","twitter_card":"summary_large_image","twitter_misc":{"Szacowany czas czytania":"1 minuta"},"schema":{"@context":"https:\/\/schema.org","@graph":[{"@type":"WebPage","@id":"http:\/\/www.lgddobregminy.pl\/index.php\/przestrzenie-sprzyjajace-wlaczeniu-spolecznemu\/","url":"http:\/\/www.lgddobregminy.pl\/index.php\/przestrzenie-sprzyjajace-wlaczeniu-spolecznemu\/","name":"Przestrzenie sprzyjaj\u0105ce w\u0142\u0105czeniu spo\u0142ecznemu - LGD Dobre Gminy","isPartOf":{"@id":"https:\/\/www.lgddobregminy.pl\/#website"},"datePublished":"2025-10-09T08:46:35+00:00","dateModified":"2025-10-09T08:46:36+00:00","breadcrumb":{"@id":"http:\/\/www.lgddobregminy.pl\/index.php\/przestrzenie-sprzyjajace-wlaczeniu-spolecznemu\/#breadcrumb"},"inLanguage":"pl-PL","potentialAction":[{"@type":"ReadAction","target":["http:\/\/www.lgddobregminy.pl\/index.php\/przestrzenie-sprzyjajace-wlaczeniu-spolecznemu\/"]}]},{"@type":"BreadcrumbList","@id":"http:\/\/www.lgddobregminy.pl\/index.php\/przestrzenie-sprzyjajace-wlaczeniu-spolecznemu\/#breadcrumb","itemListElement":[{"@type":"ListItem","position":1,"name":"Strona g\u0142\u00f3wna","item":"https:\/\/www.lgddobregminy.pl\/"},{"@type":"ListItem","position":2,"name":"Przestrzenie sprzyjaj\u0105ce w\u0142\u0105czeniu spo\u0142ecznemu"}]},{"@type":"WebSite","@id":"https:\/\/www.lgddobregminy.pl\/#website","url":"https:\/\/www.lgddobregminy.pl\/","name":"LGD Dobre Gminy","description":"","potentialAction":[{"@type":"SearchAction","target":{"@type":"EntryPoint","urlTemplate":"https:\/\/www.lgddobregminy.pl\/?s={search_term_string}"},"query-input":{"@type":"PropertyValueSpecification","valueRequired":true,"valueName":"search_term_string"}}],"inLanguage":"pl-PL"}]}},"_links":{"self":[{"href":"https:\/\/www.lgddobregminy.pl\/index.php\/wp-json\/wp\/v2\/pages\/771","targetHints":{"allow":["GET"]}}],"collection":[{"href":"https:\/\/www.lgddobregminy.pl\/index.php\/wp-json\/wp\/v2\/pages"}],"about":[{"href":"https:\/\/www.lgddobregminy.pl\/index.php\/wp-json\/wp\/v2\/types\/page"}],"author":[{"embeddable":true,"href":"https:\/\/www.lgddobregminy.pl\/index.php\/wp-json\/wp\/v2\/users\/1"}],"replies":[{"embeddable":true,"href":"https:\/\/www.lgddobregminy.pl\/index.php\/wp-json\/wp\/v2\/comments?post=771"}],"version-history":[{"count":1,"href":"https:\/\/www.lgddobregminy.pl\/index.php\/wp-json\/wp\/v2\/pages\/771\/revisions"}],"predecessor-version":[{"id":772,"href":"https:\/\/www.lgddobregminy.pl\/index.php\/wp-json\/wp\/v2\/pages\/771\/revisions\/772"}],"wp:attachment":[{"href":"https:\/\/www.lgddobregminy.pl\/index.php\/wp-json\/wp\/v2\/media?parent=771"}],"curies":[{"name":"wp","href":"https:\/\/api.w.org\/{rel}","templated":true}]}}